In base 15, what is 11 + -4?
c
In base 13, what is aa + -2?
a8
In base 15, what is 0 - -d?
d
In base 14, what is 5 + -34?
-2d
In base 14, what is 1c - -8?
26
In base 8, what is -4 + 36?
32
In base 4, what is -1031 + 301?
-130
In base 7, what is 16 - 2?
14
In base 13, what is 1 + 33?
34
In base 7, what is 5 + -354?
-346
In base 16, what is -21 + -d?
-2e
In base 14, what is -63 + 36?
-2b
In base 7, what is -46 + -150?
-226
In base 15, what is 9 + 22?
2b
In base 11, what is -86 + 54?
-32
In base 9, what is 140 + 70?
220
In base 16, what is 3 - -d18?
d1b
In base 8, what is 3 - -4463?
4466
In base 16, what is 67 + -3?
64
In base 14, what is -3 - -13?
10
In base 15, what is 5 - 4d?
-48
In base 11, what is 264 + -22?
242
In base 15, what is 0 - -186?
186
In base 7, what is -2305 - -1?
-2304
In base 14, what is -3 - 36?
-39
In base 12, what is 3 + 3?
6
In base 6, what is 125 + 105?
234
In base 11, what is -336 - 0?
-336
In base 6, what is 23104 + -10?
23054
In base 15, what is 5e - 8?
56
In base 10, what is 43908 - 5?
43903
In base 4, what is 3 - 13?
-10
In base 4, what is -3 + -22212?
-22221
In base 11, what is -5 - -9?
4
In base 5, what is -20 + 111?
41
In base 13, what is -3 - -146?
143
In base 14, what is -6 + 7?
1
In base 12, what is -1 + 849?
848
In base 9, what is 7 - -271?
278
In base 4, what is -2 - -102320?
102312
In base 15, what is -64 - 35?
-99
In base 13, what is -218 + -3?
-21b
In base 16, what is 113 - -7?
11a
In base 5, what is 32 + 401?
433
In base 6, what is -230 + -242?
-512
In base 2, what is 100110 + 10?
101000
In base 8, what is -1023 - 11?
-1034
In base 2, what is -10100101 - -100?
-10100001
In base 4, what is 3 - -11003?
11012
In base 15, what is dd8 + -3?
dd5
In base 12, what is -3 + -60?
-63
In base 6, what is 10352 - 5?
10343
In base 15, what is -26e + -5?
-274
In base 11, what is -2 + -725?
-727
In base 12, what is 6 - -6b?
75
In base 14, what is 1 + -45?
-44
In base 3, what is -2 - -1212?
1210
In base 16, what is 0 - 19?
-19
In base 8, what is 4246 - 1?
4245
In base 5, what is -104 - 24?
-133
In base 6, what is -51 - 451?
-542
In base 2, what is 101 - -11001110100?
11001111001
In base 14, what is -44 + -4?
-48
In base 10, what is -66 + -120?
-186
In base 4, what is 11200 - -3?
11203
In base 4, what is 213 + 300?
1113
In base 16, what is 145 - -3?
148
In base 16, what is -1 - -917?
916
In base 3, what is 110 + 1121?
2001
In base 9, what is -652 - 2?
-654
In base 9, what is -46 + -3?
-50
In base 11, what is -2 - -1596?
1594
In base 14, what is 2 + -5a6?
-5a4
In base 11, what is -5 + -17?
-21
In base 2, what is -1001111 - -100101?
-101010
In base 5, what is -112021 + 4?
-112012
In base 6, what is 2 + 25?
31
In base 4, what is 3311 - 0?
3311
In base 14, what is 12c - 3?
129
In base 9, what is 651 + 1?
652
In base 14, what is -b6 - 3?
-b9
In base 2, what is -10100100 + -10100?
-10111000
In base 16, what is -8f + -3?
-92
In base 15, what is -6 - -4?
-2
In base 6, what is 5 - -14522?
14531
In base 2, what is 1000110001 + 100?
1000110101
In base 11, what is -92 + -6a?
-151
In base 15, what is 14 + c?
21
In base 3, what is 0 + 2210?
2210
In base 16, what is -c2 + -5?
-c7
In base 10, what is -46 + 6?
-40
In base 6, what is 11442 - 4?
11434
In base 15, what is 55 + -2a?
2a
In base 5, what is -31241 - -1?
-31240
In base 12, what is -4a62 + 3?
-4a5b
In base 2, what is 11 - 1101101101?
-1101101010
In base 11, what is 389 + 4?
392
In base 4, what is 0 - 3302?
-3302
In base 4, what is -10 - -220?
210
In base 10, what is 1 - -1931?
1932
In base 12, what is -5 + -34b?
-354
In base 6, what is -1352 - -1?
-1351
In base 13, what is 3bb7 + -2?
3bb5
In base 5, what is 331 - 3?
323
In base 4, what is 11 - -300?
311
In base 6, what is -3551 - -3?
-3544
In base 12, what is 3 - 10a9?
-10a6
In base 15, what is e - 1aa?
-19b
In base 4, what is 1 + -33103?
-33102
In base 2, what is 101100 + 101110?
1011010
In base 9, what is 3 + 4583?
4586
In base 9, what is -4208 - -7?
-4201
In base 16, what is -20 - 13?
-33
In base 10, what is 95 - 2?
93
In base 10, what is -3 + 84?
81
In base 2, what is 10 - -1111010010?
1111010100
In base 14, what is 5 + -dc?
-d7
In base 9, what is -486 + 5?
-481
In base 16, what is 2251 - 4?
224d
In base 6, what is -2 + 13052?
13050
In base 10, what is 4 + -2596?
-2592
In base 9, what is -620 - 2?
-622
In base 10, what is 1 - 3?
-2
In base 4, what is 110310 + 1?
110311
In base 13, what is a6 + -2?
a4
In base 14, what is -2d38 - 1?
-2d39
In base 14, what is 14 + -340?
-32a
In base 11, what is -5 - 22?
-27
In base 15, what is 5 - -4?
9
In base 5, what is -4 + -12144?
-12203
In base 12, what is 33 - 1?
32
In base 14, what is -46bd + 5?
-46b8
In base 2, what is 101000100010 - -10?
101000100100
In base 14, what is -5b2 - 5?
-5b7
In base 12, what is 3 + 48?
4b
In base 10, what is 2 - 101?
-99
In base 2, what is -101000 - -100110110?
100001110
In base 9, what is 85 - -16?
112
In base 15, what is -4 - -125?
121
In base 5, what is -2334 + 1?
-2333
In base 13, what is -110 - -1?
-10c
In base 11, what is -5 + -99?
-a3
In base 6, what is 535 + 550?
1525
In base 11, what is -2899 + 4?
-2895
In base 6, what is 114 - -13?
131
In base 14, what is -3 + -66?
-69
In base 10, what is -295 - 0?
-295
In base 8, what is 14422 - 1?
14421
In base 3, what is 122202 + 12?
122221
In base 5, what is -322 - -1?
-321
In base 13, what is c15 + 0?
c15
In base 3, what is -10 - 1110?
-1120
In base 3, what is 1202 - -21?
2000
In base 4, what is 301012 + 2?
301020
In base 13, what is 3 - -7c?
82
In base 9, what is 3 + -34?
-31
In base 7, what is -1225 + -2?
-1230
In base 3, what is 121101112 + -2?
121101110
In base 11, what is -188 + 22?
-166
In base 8, what is -1 - 42?
-43
In base 16, what is -2 - -84?
82
In base 13, what is -6a - -b?
-5c
In base 7, what is -1 + -3?
-4
In base 10, what is -22 + 6?
-16
In base 16, what is 0 - 531?
-531
In base 2, what is -10110010101011 - -1?
-10110010101010
In base 6, what is 1235 + 4?
1243
In base 9, what is -5 + -14?
-20
In base 16, what is -59 + -3?
-5c
In base 9, what is 2 - 1182?
-1180
In base 16, what is 3 + -4b1?
-4ae
In base 6, what is 2 - -133?
135
In base 12, what is -ab + -4?
-b3
In base 8, what is -3 - 537?
-542
In base 3, what is -2122 - 11?
-2210
In base 16, what is -31 - -3?
-2e
In base 3, what is -22 - -112?
20
In base 5, what is -4 + 111?
102
In base 14, what is -4 - 38?
-3c
In base 5, what is 3 - 31?
-23
In base 16, what is -12 - -6?
-c
In base 16, what is -3 + -188?
-18b
In base 6, what is -145 - -5?
-140
In base 11, what is 10 + -4?
7
In base 10, what is 2 + -3169?
-3167
In base 10, what is -1 + 224?
223
In base 4, what is -3 - -20332?
20323
In base 3, what is 220 + 111?
1101
In base 4, what is -2330 - 2?
-2332
In base 16, what is -de - -5?
-d9
In base 5, what is -40 - -10020?
4430
In base 11, what is -177 + 7?
-170
In base 6, what is -10133 + 13?
-10120
In base 14, what is -8 + -7a?
-84
In base 9, what is -45 - 117?
-163
In base 11, what is 119 - -3?
121
In base 13, what is -703 - 4?
-707
In base 4, what is 10100 - 3?
10031
In base 11, what is 186 + -5?
181
In base 3, what is 21222 + 12?
22011
In base 2, what is 100 - 1010010?
-1001110
In base 11, what is 14 - 17?
-3
In base 10, what is 2 - -1?
3
In base 15, what is 1 - -301?
302
In base 9, what is -85 - -3?
-82
In base 15, what is -2 - 43?
-45
In base 2, what is -11 + 110101001?
110100110
In base 14, what is 3 + -34?
-31
In base 13, what is -1b7 - -1?
-1b6
In base 14, what is 2 + 1ad7?
1ad9
In base 2, what is 10011 - -101?
11000
In base 11, what is 18 + a?
27
In base 10, what is 299 - -78?
377
In base 16, what is 201 + -3?
1fe
In base 7, what is -135 - 10?
-145
In base 16, what is -1 - 54?
-55
In base 14, what is -2 + -185?
-187
In base 8, what is -3 - 332?
-335
In base 8, what is -13 + -1032?
-1045
In base 2, what is -101001 + 101?
-100100
In base 10, what is -3 + -20?
-23
In base 6, what is -41 + 244?
203
In base 2, what is 1010 - -1100010?
1101100
In base 16, what is -ae - 0?
-ae
In base 14, what is -5 + -26?
-2b
In base 9, what is 57 - 273?
-215
In base 9, what is -1 + 1605?
1604
In base 16, what is -4 - -bea?
be6
In base 12, what is -5 + 1?
-4
In base 13, what is -5 + -1549?
-1551
In base 15, what is -4 - bb?
-c0
In base 12, what is 3 - -1ba?
201
In 